

{"id":723,"date":"2020-02-04T08:10:32","date_gmt":"2020-02-04T07:10:32","guid":{"rendered":"https:\/\/www.avellino.se\/ica-maxi-goteborg\/?post_type=product&#038;p=723"},"modified":"2024-02-01T11:16:16","modified_gmt":"2024-02-01T10:16:16","slug":"caesarsallad","status":"publish","type":"product","link":"https:\/\/www.avellino.se\/ica-maxi-goteborg\/produkt\/caesarsallad\/","title":{"rendered":"Caesarsallad"},"content":{"rendered":"<p><strong>Inneh\u00e5ll:<\/strong> salladsblad, gurka, tomat, kycklingfile (kycklingbr\u00f6stfile, salt, vatten, j\u00e4stextrakt, (E451), potatisst\u00e4rkelse, dextros), bacon (sidfl\u00e4sk, salt, naturliga aromer, vin\u00e4ger, antioxideringsmedel (E301), konserveringsmedel (E250)), lagrad ost( <strong>MJ\u00d6LK<\/strong>, salt, l\u00f6pe), caesardressing (rapsolja, vatten, socker, \u00e5ttika, salt, <strong>\u00c4GGULA<\/strong>, citrinjuicekoncentrat, <strong>SENAPSFR\u00d6<\/strong>, svartpeppar, vitl\u00f6k, kryddor, stabiliseringsmedel (xantangummi), surhetsreglerande medel (citronsyra), konserveringsmedel (natriumbensoat, kaliumsorbat), krutonger <strong>(VETE<\/strong>mj\u00f6l <strong>(GLUTEN)<\/strong>, solrosolja,<br \/>\n<strong>LAKTOS (MJ\u00d6LK)<\/strong>, salt, socker, j\u00e4st, <strong>MJ\u00d6LKPROTEIN<\/strong>, <strong>KORN<\/strong>extrakt.<\/p>\n","protected":false},"excerpt":{"rendered":"<p>Matig gr\u00f6nsakssallad med grillad kycklingfil\u00e9, bacon och lagrad ost.<\/p>\n","protected":false},"featured_media":111,"template":"","meta":[],"product_brand":[],"product_cat":[18],"product_tag":[],"class_list":{"0":"post-723","1":"product","2":"type-product","3":"status-publish","4":"has-post-thumbnail","6":"product_cat-sallader","8":"first","9":"instock","10":"purchasable","11":"product-type-simple"},"_links":{"self":[{"href":"https:\/\/www.avellino.se\/ica-maxi-goteborg\/wp-json\/wp\/v2\/product\/723","targetHints":{"allow":["GET"]}}],"collection":[{"href":"https:\/\/www.avellino.se\/ica-maxi-goteborg\/wp-json\/wp\/v2\/product"}],"about":[{"href":"https:\/\/www.avellino.se\/ica-maxi-goteborg\/wp-json\/wp\/v2\/types\/product"}],"wp:featuredmedia":[{"embeddable":true,"href":"https:\/\/www.avellino.se\/ica-maxi-goteborg\/wp-json\/wp\/v2\/media\/111"}],"wp:attachment":[{"href":"https:\/\/www.avellino.se\/ica-maxi-goteborg\/wp-json\/wp\/v2\/media?parent=723"}],"wp:term":[{"taxonomy":"product_brand","embeddable":true,"href":"https:\/\/www.avellino.se\/ica-maxi-goteborg\/wp-json\/wp\/v2\/product_brand?post=723"},{"taxonomy":"product_cat","embeddable":true,"href":"https:\/\/www.avellino.se\/ica-maxi-goteborg\/wp-json\/wp\/v2\/product_cat?post=723"},{"taxonomy":"product_tag","embeddable":true,"href":"https:\/\/www.avellino.se\/ica-maxi-goteborg\/wp-json\/wp\/v2\/product_tag?post=723"}],"curies":[{"name":"wp","href":"https:\/\/api.w.org\/{rel}","templated":true}]}}