

{"id":52,"date":"2018-10-17T08:47:53","date_gmt":"2018-10-17T06:47:53","guid":{"rendered":"https:\/\/www.avellino.se\/ica-kvantum-kungsbacka\/produkt\/import-placeholder-for-13037\/"},"modified":"2023-05-16T07:16:07","modified_gmt":"2023-05-16T05:16:07","slug":"potatissallad","status":"publish","type":"product","link":"https:\/\/www.avellino.se\/ica-maxi-goteborg\/produkt\/potatissallad\/","title":{"rendered":"Potatissallad"},"content":{"rendered":"<p><strong>Inneh\u00e5ll:<\/strong>\u00a0potatis (potatis, salt, vatten), majonn\u00e4s, (vegetabilisk olja, vin\u00e4ger,vatten, <strong>\u00c4GGULA, SENAP<\/strong>, glukos, salt, citronjuice, E412, konserveringsmedel E202, antioxidationmedel E330, E385, \u00f6rter, f\u00e4rg\u00e4mne, E 160a, paprika) sm\u00f6rg\u00e5sgurka (gurka, socker, <strong>SENAPSFR\u00d6<\/strong>, \u00e4ttika, dill), dill, paprika, citronpeppar (syra, socker, potatisst\u00e4rkelse, smakf\u00f6rst\u00e4rkare E621, l\u00f6k), persilja, salt.<\/p>\n","protected":false},"excerpt":{"rendered":"<p>Klassisk potatissallad med inlagd gurka och paprika smaksatt med dill.<\/p>\n<p>M\u00e4ngd: 200 g \/portion<\/p>\n<p><strong><em>Best\u00e4lls i antal portioner.\u00a0<\/em><\/strong><strong><em> Minimum 6 portioner<\/em><\/strong><\/p>\n","protected":false},"featured_media":106,"template":"","meta":[],"product_brand":[],"product_cat":[17],"product_tag":[],"class_list":{"0":"post-52","1":"product","2":"type-product","3":"status-publish","4":"has-post-thumbnail","6":"product_cat-tillbehor","8":"first","9":"instock","10":"purchasable","11":"product-type-simple"},"_links":{"self":[{"href":"https:\/\/www.avellino.se\/ica-maxi-goteborg\/wp-json\/wp\/v2\/product\/52","targetHints":{"allow":["GET"]}}],"collection":[{"href":"https:\/\/www.avellino.se\/ica-maxi-goteborg\/wp-json\/wp\/v2\/product"}],"about":[{"href":"https:\/\/www.avellino.se\/ica-maxi-goteborg\/wp-json\/wp\/v2\/types\/product"}],"wp:featuredmedia":[{"embeddable":true,"href":"https:\/\/www.avellino.se\/ica-maxi-goteborg\/wp-json\/wp\/v2\/media\/106"}],"wp:attachment":[{"href":"https:\/\/www.avellino.se\/ica-maxi-goteborg\/wp-json\/wp\/v2\/media?parent=52"}],"wp:term":[{"taxonomy":"product_brand","embeddable":true,"href":"https:\/\/www.avellino.se\/ica-maxi-goteborg\/wp-json\/wp\/v2\/product_brand?post=52"},{"taxonomy":"product_cat","embeddable":true,"href":"https:\/\/www.avellino.se\/ica-maxi-goteborg\/wp-json\/wp\/v2\/product_cat?post=52"},{"taxonomy":"product_tag","embeddable":true,"href":"https:\/\/www.avellino.se\/ica-maxi-goteborg\/wp-json\/wp\/v2\/product_tag?post=52"}],"curies":[{"name":"wp","href":"https:\/\/api.w.org\/{rel}","templated":true}]}}