

{"id":46,"date":"2018-10-17T08:47:52","date_gmt":"2018-10-17T06:47:52","guid":{"rendered":"https:\/\/www.avellino.se\/ica-kvantum-kungsbacka\/produkt\/import-placeholder-for-13031\/"},"modified":"2024-02-01T11:05:53","modified_gmt":"2024-02-01T10:05:53","slug":"exotiskfat","status":"publish","type":"product","link":"https:\/\/www.avellino.se\/ica-maxi-goteborg\/produkt\/exotiskfat\/","title":{"rendered":"Exotiskfat"},"content":{"rendered":"<p><strong>Inneh\u00e5ll:<\/strong>\u00a0r\u00f6kt skinka (helmuskelskinka, vatten, salt, druvsocker, E450, E 301, E 250, r\u00f6karom), vitl\u00f6ksalami (fl\u00e4skk\u00f6tt,fl\u00e4sk, salt dextros, vitl\u00f6k, socker, antioxideringsm. E300, konserveringsmedel E250, f\u00e4rg\u00e4mnen E120, startkultur, r\u00f6k fr\u00e5n bokspan), rostbiff (n\u00f6tk\u00f6tt, st\u00e4rkelse, kryddor, naturlig arom, gr\u00f6nsaksjuice, salt, E 250, citron, peppar, koriander, kummin, l\u00f6k, paprika) r\u00f6kt kalkon (kalkonbr\u00f6st, koksalt, druvsocker, maltodextrin, E460 ,E301, E331 , E250, r\u00f6karom), druvor, papaya, passionsfrukt, melon, sallad, tomater,physalis, kiwi.<\/p>\n","protected":false},"excerpt":{"rendered":"<p>L\u00e4ckert och friskt festfat best\u00e5ende av rostbiff, vitl\u00f6k salami, kalkon och skinka. Vackert upplagt tillsammans med exotiska frukter och gr\u00f6nsaker (sallad, cocktail tomater, melon, kiwi, druvor, passionsfrukt, physalis, papaya).<\/p>\n<p>Faten inneh\u00e5ller ca 100 g k\u00f6tt\/person.<\/p>\n<p><strong><em>Best\u00e4lls i antal portioner.\u00a0<\/em><\/strong><strong><em> Minimum 6 portioner<\/em><\/strong><\/p>\n","protected":false},"featured_media":87,"template":"","meta":[],"product_brand":[],"product_cat":[16],"product_tag":[],"class_list":{"0":"post-46","1":"product","2":"type-product","3":"status-publish","4":"has-post-thumbnail","6":"product_cat-festfat","8":"first","9":"instock","10":"purchasable","11":"product-type-simple"},"_links":{"self":[{"href":"https:\/\/www.avellino.se\/ica-maxi-goteborg\/wp-json\/wp\/v2\/product\/46","targetHints":{"allow":["GET"]}}],"collection":[{"href":"https:\/\/www.avellino.se\/ica-maxi-goteborg\/wp-json\/wp\/v2\/product"}],"about":[{"href":"https:\/\/www.avellino.se\/ica-maxi-goteborg\/wp-json\/wp\/v2\/types\/product"}],"wp:featuredmedia":[{"embeddable":true,"href":"https:\/\/www.avellino.se\/ica-maxi-goteborg\/wp-json\/wp\/v2\/media\/87"}],"wp:attachment":[{"href":"https:\/\/www.avellino.se\/ica-maxi-goteborg\/wp-json\/wp\/v2\/media?parent=46"}],"wp:term":[{"taxonomy":"product_brand","embeddable":true,"href":"https:\/\/www.avellino.se\/ica-maxi-goteborg\/wp-json\/wp\/v2\/product_brand?post=46"},{"taxonomy":"product_cat","embeddable":true,"href":"https:\/\/www.avellino.se\/ica-maxi-goteborg\/wp-json\/wp\/v2\/product_cat?post=46"},{"taxonomy":"product_tag","embeddable":true,"href":"https:\/\/www.avellino.se\/ica-maxi-goteborg\/wp-json\/wp\/v2\/product_tag?post=46"}],"curies":[{"name":"wp","href":"https:\/\/api.w.org\/{rel}","templated":true}]}}