

{"id":41,"date":"2018-10-17T08:47:52","date_gmt":"2018-10-17T06:47:52","guid":{"rendered":"https:\/\/www.avellino.se\/ica-kvantum-kungsbacka\/produkt\/import-placeholder-for-13026\/"},"modified":"2024-02-01T10:53:24","modified_gmt":"2024-02-01T09:53:24","slug":"italienskfat","status":"publish","type":"product","link":"https:\/\/www.avellino.se\/ica-maxi-goteborg\/produkt\/italienskfat\/","title":{"rendered":"Italienskfat"},"content":{"rendered":"<p><strong>Inneh\u00e5ll:<\/strong>\u00a0 lufttorkadskinka (skinka, salt, dextros, natriumlaktat, kryddor, natriumaskorbat, kryddextrakt, natriumnitrit), salami Milano(fl\u00e4skk\u00f6tt, salt, dextros, kryddor, E300, E301,E 250, E 252), chorizo (grisk\u00f6tt, grisfett, paprika, salt, <strong>LAKTOS<\/strong>, socker, majsst\u00e4rkelse, druvsocker, dextrin, <strong>SOJA<\/strong>protein, <strong>MJ\u00d6LK<\/strong>protein, E 300, E 301, E 250), vitl\u00f6kssalami (fl\u00e4skk\u00f6tt,fl\u00e4sk, salt dextros, vitl\u00f6k, socker, antioxideringsm. E300, konserveringsmedel E250, f\u00e4rg\u00e4mnen E120, startkultur, r\u00f6k fr\u00e5n bokspan),mozzarella (past.<strong> KOMJ\u00d6LK<\/strong>, ystenzym, citronsyra, salt), soltorkadtomat ( soltorkadtomat, olja, salt, , vin\u00e4ger (vin, vatten, <strong>SULFITER<\/strong>), socker, askorbinsyra) , oliver (oliver, vatten, paprikapasta (paprika, f\u00f6rtjockningsmedel (natriumalginat, guargummi), stabiliser.medel (E509), konserv.medel (E202), salt, syra (mj\u00f6lksyra)), pesto(mjuk ost(past\u00f6riserad <strong>MJ\u00d6LK<\/strong>,salt, <strong>MJ\u00d6LK<\/strong>syrakultur och vegetabilisk ostl\u00f6pe), solrosfr\u00f6n, vitl\u00f6k, matolja, babyspenat), tapenade (oliver, olja, salt, kryddor,vitl\u00f6k, citronsaft), tomater, melon, sallad, physalis, kiwi, druvor.<\/p>\n","protected":false},"excerpt":{"rendered":"<p>Fat best\u00e5ende av lufttorkadskinka, milano salami, chorizo, vitl\u00f6k salami, mozzarella, olivtapenade, pesto och soltorkade tomater, vackert upplagt tillsammans med exotiska frukter samt gr\u00f6nsaker.<\/p>\n<p>Faten inneh\u00e5ller ca 100 g k\u00f6tt\/person.<\/p>\n<p><strong><em>Best\u00e4lls i antal portioner.\u00a0<\/em><\/strong><strong><em> Minimum 6 portioner<\/em><\/strong><\/p>\n","protected":false},"featured_media":75,"template":"","meta":[],"product_brand":[],"product_cat":[16],"product_tag":[],"class_list":{"0":"post-41","1":"product","2":"type-product","3":"status-publish","4":"has-post-thumbnail","6":"product_cat-festfat","8":"first","9":"instock","10":"purchasable","11":"product-type-simple"},"_links":{"self":[{"href":"https:\/\/www.avellino.se\/ica-maxi-goteborg\/wp-json\/wp\/v2\/product\/41","targetHints":{"allow":["GET"]}}],"collection":[{"href":"https:\/\/www.avellino.se\/ica-maxi-goteborg\/wp-json\/wp\/v2\/product"}],"about":[{"href":"https:\/\/www.avellino.se\/ica-maxi-goteborg\/wp-json\/wp\/v2\/types\/product"}],"wp:featuredmedia":[{"embeddable":true,"href":"https:\/\/www.avellino.se\/ica-maxi-goteborg\/wp-json\/wp\/v2\/media\/75"}],"wp:attachment":[{"href":"https:\/\/www.avellino.se\/ica-maxi-goteborg\/wp-json\/wp\/v2\/media?parent=41"}],"wp:term":[{"taxonomy":"product_brand","embeddable":true,"href":"https:\/\/www.avellino.se\/ica-maxi-goteborg\/wp-json\/wp\/v2\/product_brand?post=41"},{"taxonomy":"product_cat","embeddable":true,"href":"https:\/\/www.avellino.se\/ica-maxi-goteborg\/wp-json\/wp\/v2\/product_cat?post=41"},{"taxonomy":"product_tag","embeddable":true,"href":"https:\/\/www.avellino.se\/ica-maxi-goteborg\/wp-json\/wp\/v2\/product_tag?post=41"}],"curies":[{"name":"wp","href":"https:\/\/api.w.org\/{rel}","templated":true}]}}