

{"id":109,"date":"2018-10-17T08:52:46","date_gmt":"2018-10-17T06:52:46","guid":{"rendered":"https:\/\/www.avellino.se\/ica-kvantum-kungsbacka\/produkt\/import-placeholder-for-13067\/"},"modified":"2023-04-02T13:50:09","modified_gmt":"2023-04-02T11:50:09","slug":"rak-agg-pa-tekaka-handskalade-rakor","status":"publish","type":"product","link":"https:\/\/www.avellino.se\/ica-maxi-goteborg\/produkt\/rak-agg-pa-tekaka-handskalade-rakor\/","title":{"rendered":"R\u00e4k &#038; \u00e4gg p\u00e5 tekaka (handskalade r\u00e4kor)"},"content":{"rendered":"<p><strong>Inneh\u00e5ll:<\/strong>\u00a0sm\u00f6rg\u00e5smargarin (vegetabiliskt fett, syrat <strong>SKUMMJ\u00d6LK<\/strong>, salt, emulgeringsmedel:mono och dyglicerider av fettsyror(E471), konserveringsmedel, kaliumsorbat (E202), arom, f\u00e4rg:betacaroten), <strong>R\u00c4KOR<\/strong> (, vatten, salt, konserveringsmedel (E211, E202), surhetsreglerande medel (E330, E331), socker), oliv (oliver, vatten, paprikapasta (paprika, f\u00f6rtjockn.medel (natriumalginat, guargummi), stabiliser.medel (E509), konserv.medel (E202), salt, syra (mj\u00f6lksyra)), majonn\u00e4s (vegetabilisk olja, vin\u00e4ger, vatten,\u00a0<strong>\u00c4GGULA, SENAP<\/strong>, glukos, salt, citronjuice, E412, konserveringsmedel E202,antioxidationsmedel E330, E385, \u00f6rter, f\u00e4rg\u00e4mne E160a, paprika), <strong>\u00c4GG<\/strong>, citron, tomat, gurka, paprika, sallad. Br\u00f6d: <strong>VETEMJ\u00d6L<\/strong>, vatten, margarin ((vegetariskt fett (palm), vatten, rapsolja, emulgeringsmedel (E 471, E 322), citronjuice, salt, naturlig arom)), socker, j\u00e4st, salt, druvsocker, emulgeringsmedel (E 472e), mj\u00f6lbehandlingsmedel E300.<\/p>\n","protected":false},"excerpt":{"rendered":"<p>100 gram handskalade r\u00e4kor med \u00e4gg och majonn\u00e4s p\u00e5 tekaka.<\/p>\n","protected":false},"featured_media":174,"template":"","meta":[],"product_brand":[],"product_cat":[19],"product_tag":[],"class_list":{"0":"post-109","1":"product","2":"type-product","3":"status-publish","4":"has-post-thumbnail","6":"product_cat-smorgasar","8":"first","9":"instock","10":"featured","11":"purchasable","12":"product-type-simple"},"yoast_head":"<!-- This site is optimized with the Yoast SEO plugin v27.6 - https:\/\/yoast.com\/product\/yoast-seo-wordpress\/ -->\n<title>R\u00e4k &amp; \u00e4gg p\u00e5 tekaka (handskalade r\u00e4kor) - ICA Maxi G\u00f6teborg<\/title>\n<meta name=\"robots\" content=\"index, follow, max-snippet:-1, max-image-preview:large, max-video-preview:-1\" \/>\n<link rel=\"canonical\" href=\"https:\/\/www.avellino.se\/ica-maxi-goteborg\/produkt\/rak-agg-pa-tekaka-handskalade-rakor\/\" \/>\n<meta property=\"og:locale\" content=\"sv_SE\" \/>\n<meta property=\"og:type\" content=\"article\" \/>\n<meta property=\"og:title\" content=\"R\u00e4k &amp; \u00e4gg p\u00e5 tekaka (handskalade r\u00e4kor) - ICA Maxi G\u00f6teborg\" \/>\n<meta property=\"og:description\" content=\"100 gram handskalade r\u00e4kor med \u00e4gg och majonn\u00e4s p\u00e5 tekaka.\" \/>\n<meta property=\"og:url\" content=\"https:\/\/www.avellino.se\/ica-maxi-goteborg\/produkt\/rak-agg-pa-tekaka-handskalade-rakor\/\" \/>\n<meta property=\"og:site_name\" content=\"ICA Maxi G\u00f6teborg\" \/>\n<meta property=\"article:modified_time\" content=\"2023-04-02T11:50:09+00:00\" \/>\n<meta property=\"og:image\" content=\"https:\/\/www.avellino.se\/ica-maxi-goteborg\/wp-content\/uploads\/sites\/92\/2018\/10\/smorgasar-handskalade-rakor-pa-ljusbrod.png\" \/>\n\t<meta property=\"og:image:width\" content=\"1200\" \/>\n\t<meta property=\"og:image:height\" content=\"1200\" \/>\n\t<meta property=\"og:image:type\" content=\"image\/png\" \/>\n<meta name=\"twitter:card\" content=\"summary_large_image\" \/>\n<meta name=\"twitter:label1\" content=\"Ber\u00e4knad l\u00e4stid\" \/>\n\t<meta name=\"twitter:data1\" content=\"1 minut\" \/>\n<script type=\"application\/ld+json\" class=\"yoast-schema-graph\">{\"@context\":\"https:\\\/\\\/schema.org\",\"@graph\":[{\"@type\":\"WebPage\",\"@id\":\"https:\\\/\\\/www.avellino.se\\\/ica-maxi-goteborg\\\/produkt\\\/rak-agg-pa-tekaka-handskalade-rakor\\\/\",\"url\":\"https:\\\/\\\/www.avellino.se\\\/ica-maxi-goteborg\\\/produkt\\\/rak-agg-pa-tekaka-handskalade-rakor\\\/\",\"name\":\"R\u00e4k & \u00e4gg p\u00e5 tekaka (handskalade r\u00e4kor) - ICA Maxi G\u00f6teborg\",\"isPartOf\":{\"@id\":\"https:\\\/\\\/www.avellino.se\\\/ica-maxi-goteborg\\\/#website\"},\"primaryImageOfPage\":{\"@id\":\"https:\\\/\\\/www.avellino.se\\\/ica-maxi-goteborg\\\/produkt\\\/rak-agg-pa-tekaka-handskalade-rakor\\\/#primaryimage\"},\"image\":{\"@id\":\"https:\\\/\\\/www.avellino.se\\\/ica-maxi-goteborg\\\/produkt\\\/rak-agg-pa-tekaka-handskalade-rakor\\\/#primaryimage\"},\"thumbnailUrl\":\"https:\\\/\\\/www.avellino.se\\\/ica-maxi-goteborg\\\/wp-content\\\/uploads\\\/sites\\\/92\\\/2018\\\/10\\\/smorgasar-handskalade-rakor-pa-ljusbrod.png\",\"datePublished\":\"2018-10-17T06:52:46+00:00\",\"dateModified\":\"2023-04-02T11:50:09+00:00\",\"breadcrumb\":{\"@id\":\"https:\\\/\\\/www.avellino.se\\\/ica-maxi-goteborg\\\/produkt\\\/rak-agg-pa-tekaka-handskalade-rakor\\\/#breadcrumb\"},\"inLanguage\":\"sv-SE\",\"potentialAction\":[{\"@type\":\"ReadAction\",\"target\":[\"https:\\\/\\\/www.avellino.se\\\/ica-maxi-goteborg\\\/produkt\\\/rak-agg-pa-tekaka-handskalade-rakor\\\/\"]}]},{\"@type\":\"ImageObject\",\"inLanguage\":\"sv-SE\",\"@id\":\"https:\\\/\\\/www.avellino.se\\\/ica-maxi-goteborg\\\/produkt\\\/rak-agg-pa-tekaka-handskalade-rakor\\\/#primaryimage\",\"url\":\"https:\\\/\\\/www.avellino.se\\\/ica-maxi-goteborg\\\/wp-content\\\/uploads\\\/sites\\\/92\\\/2018\\\/10\\\/smorgasar-handskalade-rakor-pa-ljusbrod.png\",\"contentUrl\":\"https:\\\/\\\/www.avellino.se\\\/ica-maxi-goteborg\\\/wp-content\\\/uploads\\\/sites\\\/92\\\/2018\\\/10\\\/smorgasar-handskalade-rakor-pa-ljusbrod.png\",\"width\":1200,\"height\":1200},{\"@type\":\"BreadcrumbList\",\"@id\":\"https:\\\/\\\/www.avellino.se\\\/ica-maxi-goteborg\\\/produkt\\\/rak-agg-pa-tekaka-handskalade-rakor\\\/#breadcrumb\",\"itemListElement\":[{\"@type\":\"ListItem\",\"position\":1,\"name\":\"Hem\",\"item\":\"https:\\\/\\\/www.avellino.se\\\/ica-maxi-goteborg\\\/\"},{\"@type\":\"ListItem\",\"position\":2,\"name\":\"Shop\",\"item\":\"https:\\\/\\\/www.avellino.se\\\/ica-maxi-goteborg\\\/shop\\\/\"},{\"@type\":\"ListItem\",\"position\":3,\"name\":\"R\u00e4k &#038; \u00e4gg p\u00e5 tekaka (handskalade r\u00e4kor)\"}]},{\"@type\":\"WebSite\",\"@id\":\"https:\\\/\\\/www.avellino.se\\\/ica-maxi-goteborg\\\/#website\",\"url\":\"https:\\\/\\\/www.avellino.se\\\/ica-maxi-goteborg\\\/\",\"name\":\"ICA Maxi G\u00f6teborg\",\"description\":\"\",\"potentialAction\":[{\"@type\":\"SearchAction\",\"target\":{\"@type\":\"EntryPoint\",\"urlTemplate\":\"https:\\\/\\\/www.avellino.se\\\/ica-maxi-goteborg\\\/?s={search_term_string}\"},\"query-input\":{\"@type\":\"PropertyValueSpecification\",\"valueRequired\":true,\"valueName\":\"search_term_string\"}}],\"inLanguage\":\"sv-SE\"}]}<\/script>\n<!-- \/ Yoast SEO plugin. -->","yoast_head_json":{"title":"R\u00e4k & \u00e4gg p\u00e5 tekaka (handskalade r\u00e4kor) - ICA Maxi G\u00f6teborg","robots":{"index":"index","follow":"follow","max-snippet":"max-snippet:-1","max-image-preview":"max-image-preview:large","max-video-preview":"max-video-preview:-1"},"canonical":"https:\/\/www.avellino.se\/ica-maxi-goteborg\/produkt\/rak-agg-pa-tekaka-handskalade-rakor\/","og_locale":"sv_SE","og_type":"article","og_title":"R\u00e4k & \u00e4gg p\u00e5 tekaka (handskalade r\u00e4kor) - ICA Maxi G\u00f6teborg","og_description":"100 gram handskalade r\u00e4kor med \u00e4gg och majonn\u00e4s p\u00e5 tekaka.","og_url":"https:\/\/www.avellino.se\/ica-maxi-goteborg\/produkt\/rak-agg-pa-tekaka-handskalade-rakor\/","og_site_name":"ICA Maxi G\u00f6teborg","article_modified_time":"2023-04-02T11:50:09+00:00","og_image":[{"width":1200,"height":1200,"url":"https:\/\/www.avellino.se\/ica-maxi-goteborg\/wp-content\/uploads\/sites\/92\/2018\/10\/smorgasar-handskalade-rakor-pa-ljusbrod.png","type":"image\/png"}],"twitter_card":"summary_large_image","twitter_misc":{"Ber\u00e4knad l\u00e4stid":"1 minut"},"schema":{"@context":"https:\/\/schema.org","@graph":[{"@type":"WebPage","@id":"https:\/\/www.avellino.se\/ica-maxi-goteborg\/produkt\/rak-agg-pa-tekaka-handskalade-rakor\/","url":"https:\/\/www.avellino.se\/ica-maxi-goteborg\/produkt\/rak-agg-pa-tekaka-handskalade-rakor\/","name":"R\u00e4k & \u00e4gg p\u00e5 tekaka (handskalade r\u00e4kor) - ICA Maxi G\u00f6teborg","isPartOf":{"@id":"https:\/\/www.avellino.se\/ica-maxi-goteborg\/#website"},"primaryImageOfPage":{"@id":"https:\/\/www.avellino.se\/ica-maxi-goteborg\/produkt\/rak-agg-pa-tekaka-handskalade-rakor\/#primaryimage"},"image":{"@id":"https:\/\/www.avellino.se\/ica-maxi-goteborg\/produkt\/rak-agg-pa-tekaka-handskalade-rakor\/#primaryimage"},"thumbnailUrl":"https:\/\/www.avellino.se\/ica-maxi-goteborg\/wp-content\/uploads\/sites\/92\/2018\/10\/smorgasar-handskalade-rakor-pa-ljusbrod.png","datePublished":"2018-10-17T06:52:46+00:00","dateModified":"2023-04-02T11:50:09+00:00","breadcrumb":{"@id":"https:\/\/www.avellino.se\/ica-maxi-goteborg\/produkt\/rak-agg-pa-tekaka-handskalade-rakor\/#breadcrumb"},"inLanguage":"sv-SE","potentialAction":[{"@type":"ReadAction","target":["https:\/\/www.avellino.se\/ica-maxi-goteborg\/produkt\/rak-agg-pa-tekaka-handskalade-rakor\/"]}]},{"@type":"ImageObject","inLanguage":"sv-SE","@id":"https:\/\/www.avellino.se\/ica-maxi-goteborg\/produkt\/rak-agg-pa-tekaka-handskalade-rakor\/#primaryimage","url":"https:\/\/www.avellino.se\/ica-maxi-goteborg\/wp-content\/uploads\/sites\/92\/2018\/10\/smorgasar-handskalade-rakor-pa-ljusbrod.png","contentUrl":"https:\/\/www.avellino.se\/ica-maxi-goteborg\/wp-content\/uploads\/sites\/92\/2018\/10\/smorgasar-handskalade-rakor-pa-ljusbrod.png","width":1200,"height":1200},{"@type":"BreadcrumbList","@id":"https:\/\/www.avellino.se\/ica-maxi-goteborg\/produkt\/rak-agg-pa-tekaka-handskalade-rakor\/#breadcrumb","itemListElement":[{"@type":"ListItem","position":1,"name":"Hem","item":"https:\/\/www.avellino.se\/ica-maxi-goteborg\/"},{"@type":"ListItem","position":2,"name":"Shop","item":"https:\/\/www.avellino.se\/ica-maxi-goteborg\/shop\/"},{"@type":"ListItem","position":3,"name":"R\u00e4k &#038; \u00e4gg p\u00e5 tekaka (handskalade r\u00e4kor)"}]},{"@type":"WebSite","@id":"https:\/\/www.avellino.se\/ica-maxi-goteborg\/#website","url":"https:\/\/www.avellino.se\/ica-maxi-goteborg\/","name":"ICA Maxi G\u00f6teborg","description":"","potentialAction":[{"@type":"SearchAction","target":{"@type":"EntryPoint","urlTemplate":"https:\/\/www.avellino.se\/ica-maxi-goteborg\/?s={search_term_string}"},"query-input":{"@type":"PropertyValueSpecification","valueRequired":true,"valueName":"search_term_string"}}],"inLanguage":"sv-SE"}]}},"_links":{"self":[{"href":"https:\/\/www.avellino.se\/ica-maxi-goteborg\/wp-json\/wp\/v2\/product\/109","targetHints":{"allow":["GET"]}}],"collection":[{"href":"https:\/\/www.avellino.se\/ica-maxi-goteborg\/wp-json\/wp\/v2\/product"}],"about":[{"href":"https:\/\/www.avellino.se\/ica-maxi-goteborg\/wp-json\/wp\/v2\/types\/product"}],"wp:featuredmedia":[{"embeddable":true,"href":"https:\/\/www.avellino.se\/ica-maxi-goteborg\/wp-json\/wp\/v2\/media\/174"}],"wp:attachment":[{"href":"https:\/\/www.avellino.se\/ica-maxi-goteborg\/wp-json\/wp\/v2\/media?parent=109"}],"wp:term":[{"taxonomy":"product_brand","embeddable":true,"href":"https:\/\/www.avellino.se\/ica-maxi-goteborg\/wp-json\/wp\/v2\/product_brand?post=109"},{"taxonomy":"product_cat","embeddable":true,"href":"https:\/\/www.avellino.se\/ica-maxi-goteborg\/wp-json\/wp\/v2\/product_cat?post=109"},{"taxonomy":"product_tag","embeddable":true,"href":"https:\/\/www.avellino.se\/ica-maxi-goteborg\/wp-json\/wp\/v2\/product_tag?post=109"}],"curies":[{"name":"wp","href":"https:\/\/api.w.org\/{rel}","templated":true}]}}