

{"id":42,"date":"2018-10-17T08:47:52","date_gmt":"2018-10-17T06:47:52","guid":{"rendered":"https:\/\/www.avellino.se\/ica-kvantum-kungsbacka\/produkt\/import-placeholder-for-13027\/"},"modified":"2026-03-31T12:40:12","modified_gmt":"2026-03-31T10:40:12","slug":"fiskfat","status":"publish","type":"product","link":"https:\/\/www.avellino.se\/ica-kvantum-molndal\/produkt\/fiskfat\/","title":{"rendered":"Fiskfat"},"content":{"rendered":"<p><strong>Inneh\u00e5ll:<\/strong>\u00a0varmr\u00f6kt LAX (LAX, salt, citronpeppar (salt, svartpeppar,citronsyra, potatisst\u00e4rkelse,socker, l\u00f6k), kallr\u00f6kt LAX (LAX, salt), LAXpate (LAX, GR\u00c4DDE, CREME FRAICHE, \u00c4GG, dill, salt, E211, E202), R\u00c4KOR i lake (skalade R\u00c4KOR, vatten, salt, surhetsreglerande medel,citronsyra, konserveringsmedel, natriumbensoat E211, kaliumbensoat E202), \u00c4GG (salt,\u00e4ttika,citronsyra E330),ROM (loddarom, xantangummi, citronsyra, natriumbensoat, kaliumsorbat, safflorextrakt, l\u00f6kextrakt, karmin), hovm\u00e4stars\u00e5s (rapsolja, SENAP (vatten, SENAPSFR\u00d6,socker, salt, st\u00e4rkelse, kryddor), citronsyra, vin \u00e4ttika,\u00e4ttiksprit, kaliumsulfit, dill, caroten, E202, E 211, citron,tomater,melon,druvor, kiwi,dill, persilja.<\/p>\n","protected":false},"excerpt":{"rendered":"<p>Lyxigt fat med havets l\u00e4ckerheter best\u00e5ende av b\u00e5de varmr\u00f6kt och kallr\u00f6kt lax, r\u00e4kor, lax pat\u00e9, \u00e4gghalvor med kaviar och hovm\u00e4stars\u00e5s. Dekorerat med frukt (druvor, physalis, kiwi, melon) och gr\u00f6nt(cocktail tomater, sallad, dill).<\/p>\n<p>Faten inneh\u00e5ller ca 150 g fisk\/person<\/p>\n<p><strong><em>Best\u00e4lls i antal portioner.\u00a0<\/em><\/strong><strong><em> Minimum 6 portioner<\/em><\/strong><\/p>\n","protected":false},"featured_media":78,"template":"","meta":[],"product_brand":[],"product_cat":[16],"product_tag":[],"class_list":{"0":"post-42","1":"product","2":"type-product","3":"status-publish","4":"has-post-thumbnail","6":"product_cat-festfat","8":"first","9":"instock","10":"purchasable","11":"product-type-simple"},"_links":{"self":[{"href":"https:\/\/www.avellino.se\/ica-kvantum-molndal\/wp-json\/wp\/v2\/product\/42","targetHints":{"allow":["GET"]}}],"collection":[{"href":"https:\/\/www.avellino.se\/ica-kvantum-molndal\/wp-json\/wp\/v2\/product"}],"about":[{"href":"https:\/\/www.avellino.se\/ica-kvantum-molndal\/wp-json\/wp\/v2\/types\/product"}],"wp:featuredmedia":[{"embeddable":true,"href":"https:\/\/www.avellino.se\/ica-kvantum-molndal\/wp-json\/wp\/v2\/media\/78"}],"wp:attachment":[{"href":"https:\/\/www.avellino.se\/ica-kvantum-molndal\/wp-json\/wp\/v2\/media?parent=42"}],"wp:term":[{"taxonomy":"product_brand","embeddable":true,"href":"https:\/\/www.avellino.se\/ica-kvantum-molndal\/wp-json\/wp\/v2\/product_brand?post=42"},{"taxonomy":"product_cat","embeddable":true,"href":"https:\/\/www.avellino.se\/ica-kvantum-molndal\/wp-json\/wp\/v2\/product_cat?post=42"},{"taxonomy":"product_tag","embeddable":true,"href":"https:\/\/www.avellino.se\/ica-kvantum-molndal\/wp-json\/wp\/v2\/product_tag?post=42"}],"curies":[{"name":"wp","href":"https:\/\/api.w.org\/{rel}","templated":true}]}}