

{"id":264,"date":"2018-10-17T09:06:44","date_gmt":"2018-10-17T09:06:44","guid":{"rendered":"https:\/\/www.avellino.se\/ica-kvantum-kungsbacka\/produkt\/import-placeholder-for-13164\/"},"modified":"2026-03-31T11:17:40","modified_gmt":"2026-03-31T09:17:40","slug":"vegetarisk-tarta","status":"publish","type":"product","link":"https:\/\/www.avellino.se\/ica-kvantum-molndal\/produkt\/vegetarisk-tarta\/","title":{"rendered":"Vegetarisk t\u00e5rta"},"content":{"rendered":"<p><strong>Inneh\u00e5ll:<\/strong>\u00a0vegetarisk r\u00f6ra ( kapris (kapris, vatten, salt, vin\u00e4ger), (majonn\u00e4s (vegetabilisk olja, vin\u00e4ger, vatten, <strong>\u00c4GGULA<\/strong>, <strong>SENAP<\/strong>, glukos, salt, citronjuice E412, konserveringsmedel E202, antioxidationsmedel E330, E385, \u00f6rter, f\u00e4rg\u00e4mne E 160a, paprika) sm\u00f6rg\u00e5sgurka (gurka, socker, <strong>SENAPFR\u00d6<\/strong>, \u00e4ttika, dill), \u00e4rtor, champinijoner, ananas, persilja, citronpeppar(salt, svartpeppar, syra, socker, l\u00f6k, citronjuicepulver), potatis (potatis, salt)), mozzarella (past\u00f6riserad <strong>MJ\u00d6LK<\/strong>, l\u00f6pe, salt, surhetsreglerande medel (citronsyra)), brieost (past. <strong>MJ\u00d6LK<\/strong>, syrakultur, ostl\u00f6pe, salt, vitm\u00f6gelkultur), gouda ost (past\u00f6riserad <strong>MJ\u00d6LK<\/strong>, syrningskultur, salt, l\u00f6pe, konserveringsmedel E231, f\u00e4rg\u00e4mne E160b), <strong>\u00c4GG<\/strong> (salt, \u00e4ttika, citronsyra E330), gurka, tomat, paprika, persilja, apelsin, oliver (oliver, vatten, paprikapasta (paprika, f\u00f6rtjockningsmedel (natriumalginat, guargummi), stabiliser.medel (E509), konserv.medel (E202), salt, syra (mj\u00f6lksyra)). Br\u00f6d: <strong>VETEMJ\u00d6L<\/strong>, vatten, sirap , rapsolja, siktat <strong>R\u00c5GMJ\u00d6L<\/strong>, surdeg av vete, j\u00e4st, salt, maltmj\u00f6l av <strong>KORN<\/strong>, mj\u00f6lbehandlingsmedel E300, <strong>VETEGLUTEN<\/strong>,\u00a0druvsocker, mj\u00f6lbehandlingsmedel (enzym).<\/p>\n<p><strong>Vegetarisk t\u00e5rta p\u00e5 glutenfritt br\u00f6d inneh\u00e5ll:<\/strong> vegetarisk r\u00f6ra ( kapris (kapris, vatten, salt, vin\u00e4ger), (majonn\u00e4s (vegetabilisk olja, vin\u00e4ger, vatten, <strong>\u00c4GGULA<\/strong>,<strong> SENAP<\/strong>, glukos, salt, citronjuice E412, konserveringsmedel E202, antioxidationsmedel E330, E385, \u00f6rter, f\u00e4rg\u00e4mne E 160a, paprika) sm\u00f6rg\u00e5sgurka (gurka, socker, <strong>SENAPFR\u00d6<\/strong>, \u00e4ttika, dill), \u00e4rtor, champinijoner, ananas, persilja, citronpeppar (salt, svartpeppar, syra, socker, l\u00f6k, citronjuicepulver), potatis (potatis, salt)), mozzarella (past\u00f6riserad<strong> MJ\u00d6LK<\/strong>, l\u00f6pe, salt, surhetsreglerande medel (citronsyra)), brieost (past. <strong>MJ\u00d6LK<\/strong>, syrakultur, ostl\u00f6pe, salt, vitm\u00f6gelkultur), gouda ost (past\u00f6riserad <strong>MJ\u00d6LK<\/strong>, syrningskultur, salt, l\u00f6pe, konserveringsmedel E231, f\u00e4rg\u00e4mne E160b), <strong>\u00c4GG<\/strong> (salt, \u00e4ttika, citronsyra E330), gurka, tomat, paprika, persilja, apelsin, oliver (oliver, vatten, paprikapasta (paprika, f\u00f6rtjockningsmedel (natriumalginat, guargummi), stabiliser.medel (E509), konserv.medel (E202), salt, syra (mj\u00f6lksyra)).\u00a0Glutenfritt Br\u00f6d: glutenfri <strong>VETEST\u00c4RKELSE<\/strong> (max 2 mg <strong>GLUTEN<\/strong>\/100 g), skum<strong>MJ\u00d6LK<\/strong>spulver (12%), socker, f\u00f6rtjockningsmedel (guark\u00e4rnmj\u00f6l, hydroxipropylmetylcellulosa), bakpulver (glukonsyrans deltalakton, natriumbikarbonat) mineral\u00e4mne (j\u00e4rn), vitaminer (tiamin, riboflavin, niacin, B6, folsyra), vatten, salt, rapsolja, j\u00e4st, potatisfiber, rismj\u00f6l.<\/p>\n","protected":false},"excerpt":{"rendered":"<p>Ett underbart smakrikt recept p\u00e5 en vegetarisk sm\u00f6rg\u00e5st\u00e5rta dekorerad med 3 olika ostar: mozzarella, brie och gouda ost samt f\u00e4rska gr\u00f6nsaker. L\u00e4cker och fr\u00e4sch t\u00e5rta fylld med v\u00e5r egen legymr\u00f6ra med bland annat ananas, \u00e4rtor, champinjoner, sm\u00f6rg\u00e5sgurka och majonn\u00e4s.<\/p>\n","protected":false},"featured_media":291,"template":"","meta":[],"product_brand":[],"product_cat":[21],"product_tag":[],"class_list":{"0":"post-264","1":"product","2":"type-product","3":"status-publish","4":"has-post-thumbnail","6":"product_cat-smorgastartor","8":"first","9":"instock","10":"shipping-taxable","11":"purchasable","12":"product-type-variable"},"_links":{"self":[{"href":"https:\/\/www.avellino.se\/ica-kvantum-molndal\/wp-json\/wp\/v2\/product\/264","targetHints":{"allow":["GET"]}}],"collection":[{"href":"https:\/\/www.avellino.se\/ica-kvantum-molndal\/wp-json\/wp\/v2\/product"}],"about":[{"href":"https:\/\/www.avellino.se\/ica-kvantum-molndal\/wp-json\/wp\/v2\/types\/product"}],"wp:featuredmedia":[{"embeddable":true,"href":"https:\/\/www.avellino.se\/ica-kvantum-molndal\/wp-json\/wp\/v2\/media\/291"}],"wp:attachment":[{"href":"https:\/\/www.avellino.se\/ica-kvantum-molndal\/wp-json\/wp\/v2\/media?parent=264"}],"wp:term":[{"taxonomy":"product_brand","embeddable":true,"href":"https:\/\/www.avellino.se\/ica-kvantum-molndal\/wp-json\/wp\/v2\/product_brand?post=264"},{"taxonomy":"product_cat","embeddable":true,"href":"https:\/\/www.avellino.se\/ica-kvantum-molndal\/wp-json\/wp\/v2\/product_cat?post=264"},{"taxonomy":"product_tag","embeddable":true,"href":"https:\/\/www.avellino.se\/ica-kvantum-molndal\/wp-json\/wp\/v2\/product_tag?post=264"}],"curies":[{"name":"wp","href":"https:\/\/api.w.org\/{rel}","templated":true}]}}