

{"id":254,"date":"2018-10-17T09:06:18","date_gmt":"2018-10-17T09:06:18","guid":{"rendered":"https:\/\/www.avellino.se\/ica-kvantum-kungsbacka\/produkt\/import-placeholder-for-13156\/"},"modified":"2026-03-31T11:28:50","modified_gmt":"2026-03-31T09:28:50","slug":"gourmet-tarta","status":"publish","type":"product","link":"https:\/\/www.avellino.se\/ica-kvantum-molndal\/produkt\/gourmet-tarta\/","title":{"rendered":"Gourmet t\u00e5rta"},"content":{"rendered":"<p><strong>Inneh\u00e5ll:\u00a0<\/strong>gourmet r\u00f6ra ( skinka 33% (pressat skinkk\u00f6tt (65%), vatten, potatisst\u00e4rkelse, salt, socker, emulgeringsmedel (E450), antioxidationsmedel (E301), konserveringsmedel (E250)), kapris, (kapris, vatten, salt, vin\u00e4ger), (majonn\u00e4s (vegetabilisk olja, vin\u00e4ger, vatten, <strong>\u00c4GGULA<\/strong>,<strong> SENAP<\/strong>, glukos ,salt, citronjuice, E412, konserveringsmedel E202, antioxidationsmedel E330, E385, \u00f6rter, f\u00e4rg\u00e4mne E 160a, paprika), sm\u00f6rg\u00e5sgurka (gurka, socker, <strong>SENAPSFR\u00d6<\/strong>, \u00e4ttika, dill), ananas , persilja, citronpeppar (syra, socker, potatisst\u00e4rkelse, smakf\u00f6rst\u00e4rkare E621, l\u00f6k), potatis, vitl\u00f6k salami (fl\u00e4skk\u00f6tt, salt, dextros, vitl\u00f6k, socker, E300, E250, E120, startkultur, r\u00f6k fr\u00e5n noksp\u00e5n)), r\u00f6kt skinka,(skinka, potatisst\u00e4rkelse, glukossirap, salt, E412, E407, grisprotein, E301, E325, E262, E250, r\u00f6karom, druvsocker), salami (fl\u00e4skk\u00f6tt, salt, dextros, vitl\u00f6k, socker, E300, E250, E120, startkultur,r\u00f6k fr\u00e5n noksp\u00e5n), <strong>\u00c4GG<\/strong> (salt, \u00e4ttika, citronsyra E330), oliver (oliver, vatten, paprikapasta (paprika, f\u00f6rtjockningsmedel (natriumalginat, guargummi), stabiliser.medel (E509), konserv.medel (E202), salt, syra (mj\u00f6lksyra)), lufttorkad skinka (skinka, salt, dextros, natrium laktat, kryddor, natrium askorbat, kryddextrakt, natriumnitrit), gurka, tomat, paprika, persilja. Br\u00f6d:<strong>VETEMJ\u00d6L<\/strong>, vatten, sirap, rapsolja, siktat <strong>R\u00c5GMJ\u00d6L<\/strong>, surdeg av <strong>VETE<\/strong>, j\u00e4st, salt, maltmj\u00f6l av <strong>KORN<\/strong>, mj\u00f6lbehandlingsmedel E300, <strong>VETEGLUTEN<\/strong>, druvsocker, mj\u00f6lbehandlingsmedel (enzym).<\/p>\n<p><strong>Gourmet t\u00e5rta p\u00e5 glutenfritt br\u00f6d inneh\u00e5ll:<\/strong> gourmet r\u00f6ra ( skinka 33% (pressat skinkk\u00f6tt (65%), vatten, potatisst\u00e4rkelse, salt, socker, emulgeringsmedel (E450), antioxidationsmedel (E301), konserveringsmedel (E250)), kapris, (kapris, vatten, salt, vin\u00e4ger), (majonn\u00e4s (vegetabilisk olja, vin\u00e4ger, vatten, <strong>\u00c4GGULA<\/strong>, <strong>SENAP<\/strong>, glukos ,salt, citronjuice, E412, konserveringsmedel E202, antioxidationsmedel E330, E385, \u00f6rter, f\u00e4rg\u00e4mne E 160a, paprika), sm\u00f6rg\u00e5sgurka (gurka, socker, <strong>SENAPSFR\u00d6<\/strong>, \u00e4ttika, dill), ananas , persilja, citronpeppar (syra, socker, potatisst\u00e4rkelse, smakf\u00f6rst\u00e4rkare E621, l\u00f6k), potatis, vitl\u00f6k salami (fl\u00e4skk\u00f6tt, salt, dextros, vitl\u00f6k, socker, E300, E250, E120, startkultur, r\u00f6k fr\u00e5n noksp\u00e5n)), r\u00f6kt skinka,(skinka, potatisst\u00e4rkelse, glukossirap, salt, E412, E407, grisprotein, E301, E325, E262, E250, r\u00f6karom, druvsocker), salami (fl\u00e4skk\u00f6tt, salt, dextros, vitl\u00f6k, socker, E300, E250, E120, startkultur,r\u00f6k fr\u00e5n noksp\u00e5n), <strong>\u00c4GG<\/strong> (salt, \u00e4ttika, citronsyra E330), oliver (oliver, vatten, paprikapasta (paprika, f\u00f6rtjockningsmedel (natriumalginat, guargummi), stabiliser.medel (E509), konserv.medel (E202), salt, syra (mj\u00f6lksyra)), lufttorkad skinka (skinka, salt, dextros, natrium laktat, kryddor, natrium askorbat, kryddextrakt, natriumnitrit), gurka, tomat, paprika, persilja.\u00a0Glutenfritt br\u00f6d: glutenfri <strong>VETEST\u00c4RKELSE<\/strong> (max 2 mg <strong>GLUTEN<\/strong>\/100 g), skum<strong>MJ\u00d6LK<\/strong>spulver (12%), socker, f\u00f6rtjockningsmedel (guark\u00e4rnmj\u00f6l, hydroxipropylmetylcellulosa), bakpulver (glukonsyrans deltalakton, natriumbikarbonat) mineral\u00e4mne (j\u00e4rn), vitaminer (tiamin, riboflavin, niacin, B6, folsyra), vatten, salt, rapsolja, j\u00e4st, potatisfiber, rismj\u00f6l.<\/p>\n","protected":false},"excerpt":{"rendered":"<p>Italiensk inspirerad sm\u00f6rg\u00e5st\u00e5rta dekorerad med lufttorkadskinka, r\u00f6kt skinka, vitl\u00f6k salami och f\u00e4rska gr\u00f6nsaker. V\u00e5r fyllning har v\u00e4ldigt goda smaker av bland annat r\u00f6kt skinka, vitl\u00f6k salami, ananas, sm\u00f6rg\u00e5sgurka och kapris.<\/p>\n","protected":false},"featured_media":280,"template":"","meta":[],"product_brand":[],"product_cat":[21],"product_tag":[],"class_list":{"0":"post-254","1":"product","2":"type-product","3":"status-publish","4":"has-post-thumbnail","6":"product_cat-smorgastartor","8":"first","9":"instock","10":"shipping-taxable","11":"purchasable","12":"product-type-variable"},"_links":{"self":[{"href":"https:\/\/www.avellino.se\/ica-kvantum-molndal\/wp-json\/wp\/v2\/product\/254","targetHints":{"allow":["GET"]}}],"collection":[{"href":"https:\/\/www.avellino.se\/ica-kvantum-molndal\/wp-json\/wp\/v2\/product"}],"about":[{"href":"https:\/\/www.avellino.se\/ica-kvantum-molndal\/wp-json\/wp\/v2\/types\/product"}],"wp:featuredmedia":[{"embeddable":true,"href":"https:\/\/www.avellino.se\/ica-kvantum-molndal\/wp-json\/wp\/v2\/media\/280"}],"wp:attachment":[{"href":"https:\/\/www.avellino.se\/ica-kvantum-molndal\/wp-json\/wp\/v2\/media?parent=254"}],"wp:term":[{"taxonomy":"product_brand","embeddable":true,"href":"https:\/\/www.avellino.se\/ica-kvantum-molndal\/wp-json\/wp\/v2\/product_brand?post=254"},{"taxonomy":"product_cat","embeddable":true,"href":"https:\/\/www.avellino.se\/ica-kvantum-molndal\/wp-json\/wp\/v2\/product_cat?post=254"},{"taxonomy":"product_tag","embeddable":true,"href":"https:\/\/www.avellino.se\/ica-kvantum-molndal\/wp-json\/wp\/v2\/product_tag?post=254"}],"curies":[{"name":"wp","href":"https:\/\/api.w.org\/{rel}","templated":true}]}}