

{"id":653,"date":"2018-11-20T14:27:44","date_gmt":"2018-11-20T13:27:44","guid":{"rendered":"https:\/\/www.avellino.se\/ica-kvantum-molndal\/?page_id=653"},"modified":"2018-11-20T14:27:44","modified_gmt":"2018-11-20T13:27:44","slug":"bestallningsinformation","status":"publish","type":"page","link":"https:\/\/www.avellino.se\/ica-kvantum-molndal\/bestallningsinformation\/","title":{"rendered":"Best\u00e4llningsinformation"},"content":{"rendered":"<p>[vc_row][vc_column][vc_empty_space height=&#8221;60px&#8221;][\/vc_column][\/vc_row][vc_row equal_height=&#8221;true&#8221; gap=&#8221;35&#8243;][vc_column width=&#8221;2\/3&#8243;][vc_column_text]<\/p>\n<h1>Best\u00e4llningsinformation<\/h1>\n<p><span style=\"font-size: 18px;\">Vid best\u00e4llning av sm\u00f6rg\u00e5st\u00e5rtor och festfat l\u00e4gger du din best\u00e4llning online, eller ring <strong>0721-94 92 13<\/strong>.<br \/>\nBest\u00e4ll senast 2 arbetsdagar dagar innan avh\u00e4mtning.<br \/>\nVid best\u00e4llningar \u00f6ver 5000 kr betalas 50% av summan i butiken minst 2 dagar innan avh\u00e4mtning.<\/span>[\/vc_column_text][\/vc_column][vc_column width=&#8221;1\/3&#8243; css=&#8221;.vc_custom_1542720085485{padding: 20px !important;background-color: #f7f7f7 !important;border-radius: 5px !important;}&#8221;][vc_column_text]<\/p>\n<h4>Kontakt<\/h4>\n<p><span style=\"font-size: 18px;\">Avellino Catering<\/span><br \/>\n<span style=\"font-size: 18px;\">Telefon: 0721-94 92 13<\/span><br \/>\n<span style=\"font-size: 18px;\">info@avellino.se<\/span>[\/vc_column_text][\/vc_column][\/vc_row][vc_row equal_height=&#8221;true&#8221; row_padding_top=&#8221;60&#8243; row_padding_bottom=&#8221;60&#8243;][vc_column width=&#8221;1\/2&#8243; css=&#8221;.vc_custom_1542720222032{padding-top: 25px !important;padding-right: 25px !important;padding-bottom: 25px !important;padding-left: 25px !important;background-color: #f7f7f7 !important;border-radius: 5px !important;}&#8221;][vc_column_text]<\/p>\n<h3>Best\u00e4llningen h\u00e4mtas i butiken<\/h3>\n<p><strong>ICA Kvantum M\u00f6lndal<\/strong><br \/>\nBarnhemsgatan 22<br \/>\n431 30 M\u00f6lndal[\/vc_column_text][\/vc_column][vc_column width=&#8221;1\/2&#8243; css=&#8221;.vc_custom_1542720237371{padding: 25px !important;background-color: #f7f7f7 !important;border-radius: 5px !important;}&#8221;][vc_column_text]<\/p>\n<h3>Avbest\u00e4llning eller \u00e4ndringar<\/h3>\n<p>Du kan avboka eller \u00e4ndra din best\u00e4llning fram till klockan 08:00 dagen f\u00f6re angiven avh\u00e4mtning utan kostnad. F\u00f6r avbokning eller \u00e4ndring ring oss p\u00e5 <strong>0721-94 92 13<\/strong>[\/vc_column_text][\/vc_column][\/vc_row]<\/p>\n","protected":false},"excerpt":{"rendered":"<p>[vc_row][vc_column][vc_empty_space height=&#8221;60px&#8221;][\/vc_column][\/vc_row][vc_row equal_height=&#8221;true&#8221; gap=&#8221;35&#8243;][vc_column width=&#8221;2\/3&#8243;][vc_column_text] Best\u00e4llningsinformation Vid best\u00e4llning av sm\u00f6rg\u00e5st\u00e5rtor och festfat l\u00e4gger du din best\u00e4llning online, eller ring 0721-94 92 13. Best\u00e4ll senast 2 arbetsdagar dagar innan avh\u00e4mtning. Vid best\u00e4llningar \u00f6ver 5000 kr betalas 50% av summan i butiken minst 2 dagar innan avh\u00e4mtning.[\/vc_column_text][\/vc_column][vc_column width=&#8221;1\/3&#8243; css=&#8221;.vc_custom_1542720085485{padding: 20px !important;background-color: #f7f7f7 !important;border-radius: 5px !important;}&#8221;][vc_column_text] Kontakt Avellino<\/p>\n","protected":false},"author":3,"featured_media":0,"parent":0,"menu_order":0,"comment_status":"closed","ping_status":"closed","template":"","meta":{"footnotes":""},"class_list":["post-653","page","type-page","status-publish","hentry"],"_links":{"self":[{"href":"https:\/\/www.avellino.se\/ica-kvantum-molndal\/wp-json\/wp\/v2\/pages\/653","targetHints":{"allow":["GET"]}}],"collection":[{"href":"https:\/\/www.avellino.se\/ica-kvantum-molndal\/wp-json\/wp\/v2\/pages"}],"about":[{"href":"https:\/\/www.avellino.se\/ica-kvantum-molndal\/wp-json\/wp\/v2\/types\/page"}],"author":[{"embeddable":true,"href":"https:\/\/www.avellino.se\/ica-kvantum-molndal\/wp-json\/wp\/v2\/users\/3"}],"replies":[{"embeddable":true,"href":"https:\/\/www.avellino.se\/ica-kvantum-molndal\/wp-json\/wp\/v2\/comments?post=653"}],"version-history":[{"count":12,"href":"https:\/\/www.avellino.se\/ica-kvantum-molndal\/wp-json\/wp\/v2\/pages\/653\/revisions"}],"predecessor-version":[{"id":665,"href":"https:\/\/www.avellino.se\/ica-kvantum-molndal\/wp-json\/wp\/v2\/pages\/653\/revisions\/665"}],"wp:attachment":[{"href":"https:\/\/www.avellino.se\/ica-kvantum-molndal\/wp-json\/wp\/v2\/media?parent=653"}],"curies":[{"name":"wp","href":"https:\/\/api.w.org\/{rel}","templated":true}]}}