

{"id":339,"date":"2018-10-19T11:38:04","date_gmt":"2018-10-19T11:38:04","guid":{"rendered":"https:\/\/www.avellino.se\/ica-kvantum-kungsbacka\/?page_id=339"},"modified":"2022-03-23T11:28:12","modified_gmt":"2022-03-23T10:28:12","slug":"start-tablet","status":"publish","type":"page","link":"https:\/\/www.avellino.se\/ica-kvantum-backebol\/","title":{"rendered":"Start"},"content":{"rendered":"<p>[vc_row full_height=&#8221;true&#8221; background_img_id=&#8221;386&#8243; row_padding_top=&#8221;50&#8243; row_padding_bottom=&#8221;50&#8243; row_margin_top=&#8221;100&#8243;][vc_column][vc_single_image image=&#8221;1268&#8243; img_size=&#8221;414&#215;70&#8243; alignment=&#8221;center&#8221;][vc_column_text]<\/p>\n<h1 style=\"text-align: center;\"><span style=\"color: #ffffff; font-size: 60px;\">BEST\u00c4LL CATERING H\u00c4R<\/span><\/h1>\n<p>[\/vc_column_text][vc_row_inner equal_height=&#8221;yes&#8221; content_placement=&#8221;middle&#8221; gap=&#8221;10&#8243;][vc_column_inner width=&#8221;1\/4&#8243; css=&#8221;.vc_custom_1540474643844{background-color: #ffffff !important;border-radius: 10px !important;}&#8221;][vc_column_text]<a href=\"https:\/\/www.avellino.se\/ica-kvantum-molndal\/produkt-kategori\/smorgastartor\/\"><img loading=\"lazy\" decoding=\"async\" class=\"aligncenter\" src=\"https:\/\/www.avellino.se\/ica-kvantum-backebol\/wp-content\/uploads\/sites\/94\/2018\/10\/smorgastartor-rak-och-lax-tarta-02-150x150.png\" alt=\"\" width=\"150\" height=\"150\" \/><\/a>[\/vc_column_text][vc_column_text]<\/p>\n<h2 style=\"text-align: center;\">Sm\u00f6rg\u00e5st\u00e5rta<\/h2>\n<p>[\/vc_column_text][vc_empty_space]\n    <style type=\"text\/css\" media=\"all\">\n\n        \n            #button_1.ep_button                {\n                    border-radius:10px;\n                }    \n    \n            \n                \n        #button_1.ep_button            {\n                border-width:1px;\n            }    \n    \n        \n        #button_1.ep_button span.txt:before,#button_1.ep_button span.icon .hovericon            {\n               color:#59cd94;\n            }    \n        \n        \n    <\/style>\n\n      \n\n\t\n\t        <div class=\"inlinestyle center \">\n      \n        <div class=\"centeralignment\">\n        \n        <a id=\"button_1\" class=\"ep_button button-large center row style2 fill\"   style=\"color: #ffffff;\"  href=\"https:\/\/www.avellino.se\/ica-kvantum-backebol\/produkt-kategori\/smorgastartor\/\" title=\"\" >\n    \n           \n            <span class=\"txt\" data-hover=\"VISA SORTIMENT\">\n                VISA SORTIMENT            <\/span>\n\n            \n        <\/a>\n        <div class=\"clearfix\"><\/div>\n\n            <\/div>\n       \n\t        <\/div>\n    \n\n    \n    [vc_empty_space][\/vc_column_inner][vc_column_inner width=&#8221;1\/4&#8243; css=&#8221;.vc_custom_1540474649396{background-color: #ffffff !important;border-radius: 10px !important;}&#8221;][vc_column_text]<a href=\"https:\/\/www.avellino.se\/ica-kvantum-molndal\/produkt-kategori\/festfat\/\"><img loading=\"lazy\" decoding=\"async\" class=\"aligncenter\" src=\"https:\/\/www.avellino.se\/ica-kvantum-backebol\/wp-content\/uploads\/sites\/94\/2018\/10\/festfat-exotiskfat-01-150x150.png\" alt=\"\" width=\"150\" height=\"150\" \/><\/a>[\/vc_column_text][vc_column_text]<\/p>\n<h2 style=\"text-align: center;\">Festfat<\/h2>\n<p>[\/vc_column_text][vc_empty_space]\n    <style type=\"text\/css\" media=\"all\">\n\n        \n            #button_2.ep_button                {\n                    border-radius:10px;\n                }    \n    \n            \n                \n        #button_2.ep_button            {\n                border-width:1px;\n            }    \n    \n        \n        #button_2.ep_button span.txt:before,#button_2.ep_button span.icon .hovericon            {\n               color:#59cd94;\n            }    \n        \n        \n    <\/style>\n\n      \n\n\t\n\t        <div class=\"inlinestyle center \">\n      \n        <div class=\"centeralignment\">\n        \n        <a id=\"button_2\" class=\"ep_button button-large center row style2 fill\"   style=\"color: #ffffff;\"  href=\"https:\/\/www.avellino.se\/ica-kvantum-backebol\/produkt-kategori\/festfat\/\" title=\"\" >\n    \n           \n            <span class=\"txt\" data-hover=\"VISA SORTIMENT\">\n                VISA SORTIMENT            <\/span>\n\n            \n        <\/a>\n        <div class=\"clearfix\"><\/div>\n\n            <\/div>\n       \n\t        <\/div>\n    \n\n    \n    [vc_empty_space][\/vc_column_inner][vc_column_inner width=&#8221;1\/4&#8243; css=&#8221;.vc_custom_1540474656247{background-color: #ffffff !important;border-radius: 10px !important;}&#8221;][vc_column_text]<a href=\"https:\/\/www.avellino.se\/ica-kvantum-molndal\/produkt-kategori\/smorgasar\/\"><img loading=\"lazy\" decoding=\"async\" class=\"aligncenter\" src=\"https:\/\/www.avellino.se\/ica-kvantum-backebol\/wp-content\/uploads\/sites\/94\/2018\/10\/smorgasar-rakbaguette-150x150.png\" alt=\"\" width=\"150\" height=\"150\" \/><\/a>[\/vc_column_text][vc_column_text]<\/p>\n<h2 style=\"text-align: center;\">Sm\u00f6rg\u00e5sar<\/h2>\n<p>[\/vc_column_text][vc_empty_space]\n    <style type=\"text\/css\" media=\"all\">\n\n        \n            #button_3.ep_button                {\n                    border-radius:10px;\n                }    \n    \n            \n                \n        #button_3.ep_button            {\n                border-width:1px;\n            }    \n    \n        \n        #button_3.ep_button span.txt:before,#button_3.ep_button span.icon .hovericon            {\n               color:#59cd94;\n            }    \n        \n        \n    <\/style>\n\n      \n\n\t\n\t        <div class=\"inlinestyle center \">\n      \n        <div class=\"centeralignment\">\n        \n        <a id=\"button_3\" class=\"ep_button button-large center row style2 fill\"   style=\"color: #ffffff;\"  href=\"https:\/\/www.avellino.se\/ica-kvantum-backebol\/produkt-kategori\/smorgasar\/\" title=\"\" >\n    \n           \n            <span class=\"txt\" data-hover=\"VISA SORTIMENT\">\n                VISA SORTIMENT            <\/span>\n\n            \n        <\/a>\n        <div class=\"clearfix\"><\/div>\n\n            <\/div>\n       \n\t        <\/div>\n    \n\n    \n    [vc_empty_space][\/vc_column_inner][vc_column_inner width=&#8221;1\/4&#8243; css=&#8221;.vc_custom_1540474662062{background-color: #ffffff !important;border-radius: 10px !important;}&#8221;][vc_column_text]<a href=\"https:\/\/www.avellino.se\/ica-kvantum-molndal\/produkt-kategori\/sallader\/\"><img loading=\"lazy\" decoding=\"async\" class=\"aligncenter\" src=\"https:\/\/www.avellino.se\/ica-kvantum-backebol\/wp-content\/uploads\/sites\/94\/2018\/10\/kategori-salader-small-600x6001-150x150.png\" alt=\"\" width=\"150\" height=\"150\" \/><\/a>[\/vc_column_text][vc_column_text]<\/p>\n<h2 style=\"text-align: center;\">Sallader<\/h2>\n<p>[\/vc_column_text][vc_empty_space]\n    <style type=\"text\/css\" media=\"all\">\n\n        \n            #button_4.ep_button                {\n                    border-radius:10px;\n                }    \n    \n            \n                \n        #button_4.ep_button            {\n                border-width:1px;\n            }    \n    \n        \n        #button_4.ep_button span.txt:before,#button_4.ep_button span.icon .hovericon            {\n               color:#59cd94;\n            }    \n        \n        \n    <\/style>\n\n      \n\n\t\n\t        <div class=\"inlinestyle center \">\n      \n        <div class=\"centeralignment\">\n        \n        <a id=\"button_4\" class=\"ep_button button-large center row style2 fill\"   style=\"color: #ffffff;\"  href=\"https:\/\/www.avellino.se\/ica-kvantum-backebol\/produkt-kategori\/sallader\/\" title=\"\" >\n    \n           \n            <span class=\"txt\" data-hover=\"VISA SORTIMENT\">\n                VISA SORTIMENT            <\/span>\n\n            \n        <\/a>\n        <div class=\"clearfix\"><\/div>\n\n            <\/div>\n       \n\t        <\/div>\n    \n\n    \n    [vc_empty_space][\/vc_column_inner][\/vc_row_inner][vc_empty_space][vc_single_image image=&#8221;374&#8243; img_size=&#8221;full&#8221; alignment=&#8221;center&#8221;][vc_empty_space][\/vc_column][\/vc_row][vc_row disable_element=&#8221;yes&#8221;][vc_column width=&#8221;1\/4&#8243;][vc_single_image image=&#8221;301&#8243; alignment=&#8221;center&#8221;][vc_column_text]<\/p>\n<h2 style=\"text-align: center;\">Sm\u00f6rg\u00e5st\u00e5rta<\/h2>\n<p>[\/vc_column_text][\/vc_column][vc_column width=&#8221;1\/4&#8243;][vc_single_image image=&#8221;301&#8243; alignment=&#8221;center&#8221;][vc_column_text]<\/p>\n<h2 style=\"text-align: center;\">Sm\u00f6rg\u00e5st\u00e5rta<\/h2>\n<p>[\/vc_column_text][\/vc_column][vc_column width=&#8221;1\/4&#8243;][vc_single_image image=&#8221;301&#8243; alignment=&#8221;center&#8221;][vc_column_text]<\/p>\n<h2 style=\"text-align: center;\">Sm\u00f6rg\u00e5st\u00e5rta<\/h2>\n<p>[\/vc_column_text][\/vc_column][vc_column width=&#8221;1\/4&#8243;][vc_single_image image=&#8221;301&#8243; alignment=&#8221;center&#8221;][vc_column_text]<\/p>\n<h2 style=\"text-align: center;\">Sm\u00f6rg\u00e5st\u00e5rta<\/h2>\n<p>[\/vc_column_text][\/vc_column][\/vc_row]<\/p>\n","protected":false},"excerpt":{"rendered":"<p>[vc_row full_height=&#8221;true&#8221; background_img_id=&#8221;386&#8243; row_padding_top=&#8221;50&#8243; row_padding_bottom=&#8221;50&#8243; row_margin_top=&#8221;100&#8243;][vc_column][vc_single_image image=&#8221;1268&#8243; img_size=&#8221;414&#215;70&#8243; alignment=&#8221;center&#8221;][vc_column_text] BEST\u00c4LL CATERING H\u00c4R [\/vc_column_text][vc_row_inner equal_height=&#8221;yes&#8221; content_placement=&#8221;middle&#8221; gap=&#8221;10&#8243;][vc_column_inner width=&#8221;1\/4&#8243; css=&#8221;.vc_custom_1540474643844{background-color: #ffffff !important;border-radius: 10px !important;}&#8221;][vc_column_text][\/vc_column_text][vc_column_text] Sm\u00f6rg\u00e5st\u00e5rta [\/vc_column_text][vc_empty_space][vc_empty_space][\/vc_column_inner][vc_column_inner width=&#8221;1\/4&#8243; css=&#8221;.vc_custom_1540474649396{background-color: #ffffff !important;border-radius: 10px !important;}&#8221;][vc_column_text][\/vc_column_text][vc_column_text] Festfat [\/vc_column_text][vc_empty_space][vc_empty_space][\/vc_column_inner][vc_column_inner width=&#8221;1\/4&#8243; css=&#8221;.vc_custom_1540474656247{background-color: #ffffff !important;border-radius: 10px !important;}&#8221;][vc_column_text][\/vc_column_text][vc_column_text] Sm\u00f6rg\u00e5sar [\/vc_column_text][vc_empty_space][vc_empty_space][\/vc_column_inner][vc_column_inner width=&#8221;1\/4&#8243; css=&#8221;.vc_custom_1540474662062{background-color: #ffffff !important;border-radius: 10px !important;}&#8221;][vc_column_text][\/vc_column_text][vc_column_text] Sallader [\/vc_column_text][vc_empty_space][vc_empty_space][\/vc_column_inner][\/vc_row_inner][vc_empty_space][vc_single_image image=&#8221;374&#8243; img_size=&#8221;full&#8221; alignment=&#8221;center&#8221;][vc_empty_space][\/vc_column][\/vc_row][vc_row disable_element=&#8221;yes&#8221;][vc_column width=&#8221;1\/4&#8243;][vc_single_image image=&#8221;301&#8243; alignment=&#8221;center&#8221;][vc_column_text]<\/p>\n","protected":false},"author":3,"featured_media":0,"parent":0,"menu_order":0,"comment_status":"closed","ping_status":"closed","template":"","meta":{"footnotes":""},"class_list":["post-339","page","type-page","status-publish","hentry"],"_links":{"self":[{"href":"https:\/\/www.avellino.se\/ica-kvantum-backebol\/wp-json\/wp\/v2\/pages\/339","targetHints":{"allow":["GET"]}}],"collection":[{"href":"https:\/\/www.avellino.se\/ica-kvantum-backebol\/wp-json\/wp\/v2\/pages"}],"about":[{"href":"https:\/\/www.avellino.se\/ica-kvantum-backebol\/wp-json\/wp\/v2\/types\/page"}],"author":[{"embeddable":true,"href":"https:\/\/www.avellino.se\/ica-kvantum-backebol\/wp-json\/wp\/v2\/users\/3"}],"replies":[{"embeddable":true,"href":"https:\/\/www.avellino.se\/ica-kvantum-backebol\/wp-json\/wp\/v2\/comments?post=339"}],"version-history":[{"count":3,"href":"https:\/\/www.avellino.se\/ica-kvantum-backebol\/wp-json\/wp\/v2\/pages\/339\/revisions"}],"predecessor-version":[{"id":1269,"href":"https:\/\/www.avellino.se\/ica-kvantum-backebol\/wp-json\/wp\/v2\/pages\/339\/revisions\/1269"}],"wp:attachment":[{"href":"https:\/\/www.avellino.se\/ica-kvantum-backebol\/wp-json\/wp\/v2\/media?parent=339"}],"curies":[{"name":"wp","href":"https:\/\/api.w.org\/{rel}","templated":true}]}}